 + (-12 - (103 + -103))?
-27
Evaluate 20 - 1 - (7593 + -7581).
7
What is the value of -1 - -5 - (-69 - (-38 - 25)) - -64?
74
What is the value of -6811 + 6652 + 1 + 241?
83
What is -13 + (5 - 1) - -5 - (-18 - -32 - 26)?
8
What is the value of -2 + 0 + (-9 - (-16 - -2) - (10 - 116))?
109
What is the value of (771 + -768 - (0 + 12)) + 2?
-7
What is 3971 + -3983 + 2 + 11?
1
Calculate 141 + -65 - (30 - 23).
69
What is 51 - -5 - -12 - 37?
31
What is 5 - ((-1 - 1) + (-15 - -53) + -26)?
-5
Calculate -39 + 141 + -89 - (-7 + -25).
45
What is -1 - (-28 + (16 - -18)) - -87?
80
What is (-5 - -2) + (64 - 12)?
49
Calculate 2 - (-7 + 99 + -57).
-33
What is the value of (-13 - (4 - -10 - -20)) + 7?
-40
Calculate 0 + 11 + (-16 - -6) - (15 + -7 + -55).
48
Evaluate -30 + (17 - -2) - (-13 - (-4 - -1)).
-1
Calculate -6 - (32 + -10) - (44 + 9).
-81
(-53 - -1) + 3 - (-34 - -2 - (-130 - -105))
-42
Evaluate -2 - (109 - (-2 + 37 - 10)).
-86
Evaluate 139 + 8 + (-5 + 20 + -2 - (-57 + 73)).
144
What is -126 - ((-111 - -208) + -128)?
-95
-135 + (17 - 147) + 335
70
What is 20 + (-5 - (-4 - 11)) + 2?
32
What is the value of 3 - -35 - 13 - (14 + -24) - (-1 - 1)?
37
What is the value of (6 + 12 - 8) + (6 - -5) + (-13 - 10)?
-2
(-32 - -34) + (6 - -5) - 23
-10
Calculate -59 + -15 - (286 - 273 - (0 - -13)).
-74
(37 - 32) + -11 - 37
-43
(-24 - -2) + -4 + (5 - -11) - (-23 - -10)
3
What is the value of -19 + (5 - 23) + 24 + -26?
-39
What is 25 + -48 - (-186 + 92)?
71
Evaluate 201 - (105 - 27) - 87.
36
Calculate (7 + -35 + -7 - 4) + (5 - 7).
-41
-19 + -117 + -114 + 126
-124
Calculate 59 + -28 + 2 + -19 + (-34 - -41).
21
What is 1653 - 1685 - (-1 - -11 - (-6 - -3))?
-45
Evaluate (-21 - -1) + -9157 + 9214.
37
Calculate 15 - (46 + (3 - (16 + -19))).
-37
Calculate -78 + 30 + -7 - -71.
16
29 + (8 - -12) + 0 + (1 - 3)
47
What is -8 + (36 - 52) + -52 - 7?
-83
What is the value of 61 + 0 + -21 + 12 + (9 - 3)?
58
What is -4 + (0 - -3) + 2 + -9 - (450 - 445)?
-13
5 - ((28 - 42) + -11 + 19 + -8 + -1)
20
Evaluate (39 - (24 - (-6 - -15 - -3))) + -2.
25
Calculate (-114 - -132) + (2 - -7).
27
What is 585 + -573 + (0 + -5 - 101)?
-94
(1 - -44) + 54 + (43 - 42) + -53
47
What is 14 - (-12 + 22 + -92 - 26)?
122
0 + 4 - (0 - 3 - (319 - 245))
81
Calculate 1 + 87 - (65 + 9 - 32).
46
What is 35 - (3 - (37 - (28 + 135)))?
-94
Evaluate -2 - 62 - (-6 - 3) - (-7 - (-19 - -24)).
-43
Evaluate -19 - (5 + 14 - 1).
-37
Evaluate 8 - 47 - (24 - 33).
-30
Calculate 30 + -21 + (14 - -29 - 28).
24
What is -10 + -1 - (66 + 76 + -122) - 13?
-44
What is -9 + 7 - 28 - (7 - (2 - -1 - -11))?
-23
(74 - (22 - -71)) + -90 + -7
-116
Evaluate 11 + -38 + -12 + (-67 - -120).
14
Calculate 65 + (-114 - (-165 - -76)).
40
(48 - 52) + (13 - -1) + -18 + 5
-3
Calculate -132 - -21 - (-32 - 210).
131
Evaluate 12 + -7 - 21 - (-7 - -10) - (-6 + 0).
-13
39 + (1744 - 1765) + (1 - 103)
-84
What is 40 - (-53 - (2 + 22 - 45))?
72
What is (17 - 0) + -32 + -13 - 14?
-42
(83 - (-52 - -212)) + 57
-20
Evaluate -7 + -3 + (-1 - -21 - 26).
-16
What is the value of -11 - ((-16 - (16 - 17)) + 32 - 1)?
-27
What is -38 - (-2 - -2) - (-22953 - -22984)?
-69
-61 + (108 + -189 - -227)
85
Calculate 1 + -23 - ((124 - 258) + 152).
-40
Calculate (3 + -1 - -97) + (21 - 11 - (-9 + 32)).
86
Calculate -15 + (3 - 3) - (162 - 174).
-3
What is 97 + (26 - (77 + 4))?
42
Calculate (8 - ((59 - 30) + -5)) + 73.
57
What is the value of 63 - 81 - (2 - (4 + -5))?
-21
What is -20 - (24 + -32 + -25) - (-21 - 0)?
34
Calculate -47 - -69 - (122 - (16 - (35 + -4))).
-115
What is the value of -6 - ((4 - (3 - -12)) + (10 + -4 - -2))?
-3
Evaluate (32 - (32 - -39)) + -1 + 112.
72
What is 14 - (4 + 6 + (-13 - -27))?
-10
Evaluate 20 - ((-43 - -54) + (11 - -87 - -4)).
-93
What is 60 + -6 + 10 - (27 + -6)?
43
What is the value of 16 + -12 + 12 + -13 + -32 + -7?
-36
Evaluate -14 - -74 - (460 - 390).
-10
What is 1 + -67 - (-3429 + 3370)?
-7
What is the value of (-14 - 1 - ((32 - 14) + -33 + -10)) + 39?
49
Calculate -40 - -15 - (127 - 147).
-5
Evaluate 15 + (13 + -20 + 4 - -5) + 11.
28
What is -2 - (-9 - (-84 - -93 - (13 - 2)) - 4)?
9
Calculate -186 - -201 - (0 + -7 + 13) - -43.
52
Calculate -30 - -22 - -30 - (-40 + 43).
19
Evaluate -12 - (55 - (2 + 14 - 26)).
-77
What is the value of -99 - (-5 - -3) - (-24 - (-18 + 8))?
-83
Evaluate (-5 - 0) + (-2 - 12) + 51 + -55 + 8.
-15
What is the value of (-11 - -8 - (1 + 11)) + (-125 - -183)?
43
(38 - (17 + -14 + 5)) + -19 + 13
24
Calculate -107 + -6 + -2 + (-18 - (-28 + -4 - -5)).
-106
Evaluate 8 + (-11 - (-3 + 18) - -18).
0
-13 + -4 + 2 + 1 + 5 + -10 - -6
-13
-10 + (1046 - 987 - (20 + 2))
27
Evaluate -87 - (-94 - -35) - 11.
-39
Calculate 16 + 14 + 18 + -23 + -3 + 15.
37
26 + -24 + 85 + (-20 - -12)
79
30 + 6 - (-3 - (1 + 7))
47
Evaluate 0 + -23 - (10 + 18 + -28 + 14).
-37
What is the value of (31 - -1) + 0 + 146 + -334 + 186?
30
Calculate -3 - (1 + -6 - (359 + -299)) - 9.
53
Evaluate 15 + -529 + 532 + (-1 - -2).
19
Evaluate (10 - (107 - 39)) + 31.
-27
12 + (11 - 0) + (-40 - (1 + -27))
9
-52 + (162 - (-28 + 59))
79
What is -10 - (4 - (11 - -26) - 4)?
27
What is the value of (15 + -11 - 16 - -13) + -11 + -2?
-12
What is the value of (-70 - 12 - -42) + 44?
4
Evaluate 1 - (-3 + -13 + 0 - (-17 - -15) - 4).
19
(-1 - 3) + -35 - ((16 - 2 - 13) + 7)
-47
Calculate 57 - 54 - (7 - (5 - -24)).
25
What is (-9 - (-29 + 35 + 1 + -11 + 1)) + 64?
58
Calculate -13 + 687 + -579 + (0 + -13 - -2) + -8.
76
What is the value of -31 + (-68 - -17) + 117?
35
What is the value of (-12 - -96) + -6 + 6 + -31?
53
Evaluate 17 + -8 + -1 + (-23 - -15) + -12.
-12
What is -2 + -1 + (1345 + -1317 - (29 + 0))?
-4
What is 322 + -308 - (-9 - -77)?
-54
What is the value of -16 + -10 + ((-2 - 3) + 10 - 5)?
-26
What is (1 - 41) + (13 + 2 + -57 - -52)?
-30
What is the value of (-4 + 6 - -2) + (-18 - (-62 - -36))?
12
79 + -17 + 0 + 14 + 2 + 24 + -32
70
Evaluate -15 + (0 - -10) - 34 - (7 - -8).
-54
Calculate 14 + -5 + 4 - 7 - (-3 + 0 + 74).
-65
(9 - 10) + (-14 - -2) - (14 - 18)
-9
What is -45 - (53 - 70 - 28)?
0
What is (112 - 155) + -4 + 9 + 21?
-17
-1 + (-2 - -3) + 39 + (61 + -24 - 30)
46
What is -40 - (87 - (-87 + 164))?
-50
What is the value of (7 - -1) + -3757 + 3607?
-142
What is the value of 63 - (38 + -21 - -5)?
41
What is -221 + 85 - (-81 - -11)?
-66
What is the value of 19 + 34 + -60 + 2 + 6?
1
What is the value of -3 + 30 - (-268 - -343)?
-48
Calculate 70 - (37 + -1) - 52.
-18
Calculate -57 - (-14 - -9) - -21 - 6 - 22.
-59
What is (30 - (21 + 22 - 28)) + -40?
-25
Evaluate -4 - 8 - (59 + -31 + -11).
-29
What is 41 + (4 - 21) + -9 - (-7 + -5 + 5)?
22
What is 13 - 27 - 14 - (13 - 25)?
-16
What is the value of 88 - (118 - 81) - 23?
28
What is the value of 78 - (154 - (-46 - -119))?
-3
-23 + 43 - (-36 + 114) - (7 + 1)
-66
Evaluate 38 + -87 + (16 - -65).
32
Evaluate 0 + (-12 - (-57 + 32) - (13 - 2) - 0).
2
What is -19 - 24 - -41 - (-3 + (6 + -1 - 19))?
15
-2 - -10 - (-58 + -75 + 68)
73
-3 + -16 - (-6 + -7 + -35 + 69)
-40
Calculate (4 - (-24 + 38)) + 10 + 2.
2
33 + (-66 + 25 - -44)
36
9 - (20 - (30 + -21)) - 39
-41
What is the value of (50 - (3 + -3)) + (-12 + 13 + 12 - 15)?
48
Calculate (1 - 2) + -3 - (-1270 + 1298).
-32
Calculate 36 - (42 - 56 - -18).
32
What is 60 + (-17 + -5 - 2 - -10)?
46
54 - (10 + -5 + 13 + -12 + 15 + -34)
67
What is the value of -31 + -4 + 63 + -55?
-27
Evaluate -32 + 43 + -88 + -2 + 53 + -38.
-64
What is -43 - (40 + -49) - -58?
24
-89 + 4 - (-15 + (26 - (-3 + -4)))
-103
Evaluate (93 - (7 - -36)) + -18.
32
Evaluate (36 - (-28 - 7)) + -18 + 34.
87
Calculate -197 + (-97 - -267) + (-45 - 0).
-72
What is -8 + -4 + (15 - (-4 + 25))?
-18
-29 + (4 - 27) + (35 - 19)
-36
Evaluate 22 + 6 + -5 + 6 + 0 + 10 - 0.
39
Evaluate (-73 - -64) + (-4 - 2 - -6 - -2).
-7
What is -5 + 1 + (-54 - (36 + -72))?
-22
Calculate -8 + -33 + (131 - 35).
55
What is -14 + (23 - 31 - -38) - -30?
46
2 + 2 + -18 + (3 - (-20 + 9)) + 0
0
What is (24 + -36 + 39 - 27) + -42?
-42
What is 54 + (12 - (1 - -20)) + (5 - 6)?
44
What is the value of 0 + 61 + (-1967 - -1935)?
29
Calculate 5 - (139 - (-4 + 86)).
-52
36 - (0 + 0) - (35325 - 35235)
-54
Evaluate 1333 + -1316 + (-23 - -2).
-4
What is the value of (-2 - (-13 - -20)) + (66 - (-6 + 6))?
57
-3 + (0 - -20) + (-4 + 15 + -13 - 3)
12
What is (28 - 3) + -20 - (36 + (